{"id":152,"date":"2025-08-16T23:20:50","date_gmt":"2025-08-16T23:20:50","guid":{"rendered":"https:\/\/grupa-qmd.pl\/maszyny\/?page_id=152"},"modified":"2026-03-16T11:32:00","modified_gmt":"2026-03-16T11:32:00","slug":"analizy-mes","status":"publish","type":"page","link":"https:\/\/troutpelka.eu\/?page_id=152","title":{"rendered":"Projekty Unijne"},"content":{"rendered":"\n<h2 class=\"wp-block-heading\">Modernizacja obiekt\u00f3w hodowli pstr\u0105ga w Maszewie L\u0119borskim oraz w Skrzeszewie<\/h2>\n\n\n\n<hr class=\"wp-block-separator has-text-color has-foreground-color has-alpha-channel-opacity has-foreground-background-color has-background is-style-wide\" style=\"margin-top:var(--wp--preset--spacing--30);margin-bottom:var(--wp--preset--spacing--30)\"\/>\n\n\n\n<figure class=\"wp-block-image size-large\"><img loading=\"lazy\" decoding=\"async\" width=\"1024\" height=\"146\" src=\"https:\/\/troutpelka.eu\/wp-content\/uploads\/2025\/12\/FER_RP_UE_RGB_poziom_kolor7-2-1024x146.png\" alt=\"\" class=\"wp-image-348\" srcset=\"https:\/\/troutpelka.eu\/wp-content\/uploads\/2025\/12\/FER_RP_UE_RGB_poziom_kolor7-2-1024x146.png 1024w, https:\/\/troutpelka.eu\/wp-content\/uploads\/2025\/12\/FER_RP_UE_RGB_poziom_kolor7-2-300x43.png 300w, https:\/\/troutpelka.eu\/wp-content\/uploads\/2025\/12\/FER_RP_UE_RGB_poziom_kolor7-2-768x109.png 768w, https:\/\/troutpelka.eu\/wp-content\/uploads\/2025\/12\/FER_RP_UE_RGB_poziom_kolor7-2-1536x219.png 1536w, https:\/\/troutpelka.eu\/wp-content\/uploads\/2025\/12\/FER_RP_UE_RGB_poziom_kolor7-2-2048x292.png 2048w\" sizes=\"auto, (max-width: 1024px) 100vw, 1024px\" \/><\/figure>\n\n\n\n<p>Wydatki og\u00f3\u0142em 1 537 212,35 z\u0142<br>Wydatki kwalifikowalne 1 249 766,14 z\u0142<br>Dofinansowanie 624 883,07 z\u0142<br>Dofinansowanie UE 437 418,14 z\u0142<\/p>\n\n\n\n<p><br>Data rozpocz\u0119cia 2024-11-04<br>Data zako\u0144czenia 2025-12-31<\/p>\n\n\n\n<p><br>Fundusz Europejski Fundusz Morski, Rybacki i Akwakultury<br>Program Fundusze Europejskie dla Rybactwa<br>Priorytet Wspieranie zr\u00f3wnowa\u017conej dzia\u0142alno\u015bci w zakresie akwakultury<br>oraz przetwarzania i wprowadzania do obrotu produkt\u00f3w  rybo\u0142\u00f3wstwa i akwakultury, przyczyniaj\u0105c si\u0119 w ten spos\u00f3b do bezpiecze\u0144stwa \u017cywno\u015bciowego w Unii<br>Dzia\u0142anie Inwestycje i innowacje w akwakulturze<\/p>\n\n\n\n<p><br>Opis projektu<br>Podstawowym celem projektu jest modernizacja obu prowadzonych obiekt\u00f3w<br>hodowli pstr\u0105ga w Maszewie L\u0119borskim oraz w Skrzeszewie prowadz\u0105ca do<br>poprawy efektywno\u015bci wykonywania rob\u00f3t ziemnych \/ agromelioracyjnych oraz<br>prze\u0142adunkowych niezb\u0119dnych dla prawid\u0142owego funkcjonowania obu obiekt\u00f3w oraz<br>redukcji koszt\u00f3w dzia\u0142alno\u015bci obu obiekt\u00f3w. Grup\u0105 docelow\u0105 projektu jest w\u0142a\u015bciciel<br>hodowli (hodowca) kt\u00f3ry realizuje projekt obejmuj\u0105cy inwestycj\u0119 oraz, po\u015brednio,<br>odbiorcy ryb produkowanych na obiekcie tj. hurtownie i inne hodowle i przetw\u00f3rnie<br>rybne oraz odbiorcy ko\u0144cowi ryb hodowlanych. tj. konsumenci. Realizowane<br>dzia\u0142ania: W ramach operacji zamierzam doposa\u017cy\u0107 oba prowadzone obiekty w<br>fabrycznie now\u0105 kopark\u0119 \/ \u0142adowark\u0119 ko\u0142ow\u0105 wraz z niezb\u0119dnym osprz\u0119tem s\u0142u\u017c\u0105c\u0105<br>do sezonowego odmulania, konserwacji i remont\u00f3w ponad dw\u00f3ch kilometr\u00f3w<br>szlak\u00f3w wodnych, czyszczenia osadnik\u00f3w, krat, kom\u00f3r mikrosit, laguny ziemnej,<br>kana\u0142\u00f3w doprowadzaj\u0105cych wod\u0119 do staw\u00f3w, obs\u0142ugi sprzeda\u017cy ryb oraz innych<br>rob\u00f3t pomocniczych niezb\u0119dnych do eksploatacji oraz konserwacji obu obiekt\u00f3w.<br>Planowanym efektem projektu b\u0119dzie: &#8211; poprawa efektywno\u015bci wykonywania rob\u00f3t<br>ziemnych \/ agromelioracyjnych \/ prze\u0142adunkowych na obu obiektach &#8211; zmniejszenie<br>koszt\u00f3w dzia\u0142alno\u015bci<br>www.rybactwo.gov.pl.<\/p>\n\n\n\n<hr class=\"wp-block-separator has-text-color has-foreground-color has-alpha-channel-opacity has-foreground-background-color has-background is-style-wide\" style=\"margin-top:var(--wp--preset--spacing--30);margin-bottom:var(--wp--preset--spacing--30)\"\/>\n","protected":false},"excerpt":{"rendered":"<p>Modernizacja obiekt\u00f3w hodowli pstr\u0105ga w Maszewie L\u0119borskim oraz w Skrzeszewie Wydatki og\u00f3\u0142em 1 537 212,35 z\u0142Wydatki kwalifikowalne 1 249 766,14 z\u0142Dofinansowanie 624 883,07 z\u0142Dofinansowanie UE 437 418,14 z\u0142 Data rozpocz\u0119cia 2024-11-04Data zako\u0144czenia 2025-12-31 Fundusz Europejski Fundusz Morski, Rybacki i AkwakulturyProgram Fundusze Europejskie dla RybactwaPriorytet Wspieranie zr\u00f3wnowa\u017conej dzia\u0142alno\u015bci w zakresie akwakulturyoraz przetwarzania i wprowadzania do obrotu [&hellip;]<\/p>\n","protected":false},"author":1,"featured_media":0,"parent":0,"menu_order":0,"comment_status":"closed","ping_status":"closed","template":"page-no-title","meta":{"footnotes":""},"class_list":["post-152","page","type-page","status-publish","hentry"],"_links":{"self":[{"href":"https:\/\/troutpelka.eu\/index.php?rest_route=\/wp\/v2\/pages\/152","targetHints":{"allow":["GET"]}}],"collection":[{"href":"https:\/\/troutpelka.eu\/index.php?rest_route=\/wp\/v2\/pages"}],"about":[{"href":"https:\/\/troutpelka.eu\/index.php?rest_route=\/wp\/v2\/types\/page"}],"author":[{"embeddable":true,"href":"https:\/\/troutpelka.eu\/index.php?rest_route=\/wp\/v2\/users\/1"}],"replies":[{"embeddable":true,"href":"https:\/\/troutpelka.eu\/index.php?rest_route=%2Fwp%2Fv2%2Fcomments&post=152"}],"version-history":[{"count":14,"href":"https:\/\/troutpelka.eu\/index.php?rest_route=\/wp\/v2\/pages\/152\/revisions"}],"predecessor-version":[{"id":351,"href":"https:\/\/troutpelka.eu\/index.php?rest_route=\/wp\/v2\/pages\/152\/revisions\/351"}],"wp:attachment":[{"href":"https:\/\/troutpelka.eu\/index.php?rest_route=%2Fwp%2Fv2%2Fmedia&parent=152"}],"curies":[{"name":"wp","href":"https:\/\/api.w.org\/{rel}","templated":true}]}}